-n*v. What is the remainder when v is divided by 14?
13
Let f(a) be the third derivative of -a**4/24 + 17*a**3/6 - 5*a**2. Calculate the remainder when 42 is divided by f(8).
6
Suppose -t - 2*t + 73 = -5*x, 2*x = -3*t + 38. What is the remainder when t is divided by 10?
6
Let z(j) = -j**2 - 3*j + 3. Let g = 22 + -11. Calculate the remainder when g is divided by z(0).
2
Let k(y) = y**2 + 7*y + 7. Let b be k(-5). Suppose x - 25 = -5*m - 4*x, -5*x = -3*m - 9. Calculate the remainder when (2 + 0 - b)*1 is divided by m.
1
What is the remainder when 12*((-4)/20)/(3/(-5)) is divided by 3?
1
Suppose -2*l - 3*x = -131, l - 4*x + 2*x = 62. Suppose 0 = 5*k + 2*o - 80, 4*k - 5*o = -8*o + l. Calculate the remainder when 47 is divided by k.
15
Let b = 6 - -33. What is the remainder when b is divided by 14?
11
Let u = 128 - 90. Calculate the remainder when u is divided by ((-4)/2 + -18)/(-1).
18
Calculate the remainder when 327/7 - (-4)/14 is divided by 16.
15
Let a = -3 + 5. Suppose -2*m + 109 = 3*s, 5*s = -4*m + a*s + 215. What is the remainder when m is divided by 18?
17
Suppose q - 2*q - 4*x = -7, -x = 0. Let w be (q + 1)*3/6. Suppose -5*y - 13 = -r, w*y - 17 = -3*r + 3. Calculate the remainder when 31 is divided by r.
7
Suppose m + 1 = 5. What is the remainder when (1 - (-2)/m)*34 is divided by 14?
9
Let o(u) = -2*u - 2. Let l be o(-2). Let h(f) = 25*f + 1. Calculate the remainder when h(l) is divided by 18.
15
Let x be (-87)/12 + (-2)/(-8). Let o = -3 - -23. Calculate the remainder when o is divided by 0 + 3/((-3)/x).
6
Let i(p) = -p**2 - p + 8. What is the remainder when 15 is divided by i(0)?
7
Let j(m) = 2*m**3 - 4*m**2 - 6*m + 4. Let n be j(4). Suppose n = 3*k + 2*h - 4*h, -3*h - 24 = -k. What is the remainder when 23 is divided by k?
11
Calculate the remainder when (-4)/(-14) - 1422/(-84)*4 is divided by 23.
22
Suppose -20*h + 778 + 1182 = 0. Let n = 5 - -15. What is the remainder when h is divided by n?
18
Let p(q) = -2*q**2 + q + 27. What is the remainder when p(0) is divided by 16?
11
Suppose -4*v + 6 = 10. What is the remainder when 18 is divided by (v - 0)/((-3)/21)?
4
Let g = -3 - 18. Let i = g + 47. Calculate the remainder when i is divided by 0 + 16/2 - -1.
8
Suppose 5*d = 5 - 0, 2*d = z - 59. What is the remainder when 117 is divided by z?
56
Let i be (-14)/(-6) + 8/12. Suppose 5*s - i*q - 11 = 3*s, 32 = 4*s + 4*q. What is the remainder when 19 is divided by s?
5
Suppose -x - c = 4*c - 36, 0 = 3*x - c - 28. Let w(q) = -q**2 - 9*q + 4. What is the remainder when x is divided by w(-9)?
3
Let c = -13 - -19. Let g = 167 - 156. Calculate the remainder when g is divided by c.
5
Suppose -5*d + 2*i + 275 = -3*i, -3*i - 108 = -2*d. Suppose 0*m + d = 3*m. What is the remainder when m is divided by 5?
4
Calculate the remainder when 14 is divided by 46/6 + (-7)/(-21).
6
Suppose 5*d = 2*f + 2 - 10, 10 = -4*d - 2*f. Let t(o) = o**2 + o. Calculate the remainder when 2 is divided by t(d).
0
Suppose -7*b + 2 + 12 = 0. Suppose -4 = -4*g - 0. Calculate the remainder when b is divided by g.
0
Let m = 21 - -11. Calculate the remainder when m is divided by 11.
10
Suppose 0*f + 10 = 5*f. Suppose -5*l + f*p - 26 = 0, 0 = l - 0*l + 4*p - 8. Let s = 5 + l. Calculate the remainder when 1 is divided by s.
0
Suppose 0 = -2*g - 4*f + 44, -g - f + 18 = -0*g. Let s = -21 + 29. What is the remainder when g is divided by s?
6
Suppose -18*v = -16*v - 172. Calculate the remainder when v is divided by 22.
20
Let v(l) = -l**3 - 6*l**2 - 2*l - 9. Let s be v(-6). Let p = 35 + s. What is the remainder when p is divided by 13?
12
Calculate the remainder when 9 is divided by 5 - (3 + -4 + -2).
1
Let o(a) = -a**3 - 13*a**2 - 14*a - 2. Let p(y) = y**3 - y - 12. Let l be p(0). Suppose 3*q - 8*q = -40. Calculate the remainder when o(l) is divided by q.
6
Suppose -y + 5*y = -28. Let a(g) = -4*g - 3 - 4 + 2*g. What is the remainder when 19 is divided by a(y)?
5
Suppose -5*f + 3*f - 6 = 0. Let n be (f/(-2))/((-3)/68). What is the remainder when n*((-15)/6)/5 is divided by 9?
8
Let a(o) = 15*o - 11. Calculate the remainder when a(4) is divided by 26.
23
Let p(m) be the second derivative of m**4/2 - m**2 + 3*m. Let d(k) be the first derivative of p(k). What is the remainder when d(2) is divided by 13?
11
Let p(r) be the third derivative of 0 + 3/2*r**3 - 2*r**2 - 1/24*r**4 + 0*r. What is the remainder when p(4) is divided by 2?
1
Suppose 0 = -3*j - 2*y + 67, 0*j - 3*y = -4*j + 95. Let a = 56 - 43. What is the remainder when j is divided by a?
10
Suppose -2*q = -3 + 1. Suppose 4*v + 5*w - 72 = -0*w, 4*w - 68 = -4*v. Calculate the remainder when v is divided by -21*1*q/(-3).
6
Let f(m) = -m**3 - 8*m**2 + 10. Calculate the remainder when f(-8) is divided by 3.
1
Suppose 20 = 2*x + 2*y, x = -3*x + y + 25. What is the remainder when (-2)/3*(1 - 19) is divided by x?
5
Suppose -8 = -2*b, -5*w - b + 130 = -119. What is the remainder when w is divided by 26?
23
Suppose -4*s + 14 = 2*f - 0*f, 0 = 3*f - 15. Let n = 5 + s. What is the remainder when n is divided by 2?
0
Let t = -5 + 28. Suppose -232 = -3*y + 35. Calculate the remainder when y is divided by t.
20
Let u(f) = f**3 + 5*f**2 + f - 7. Let b be u(-4). Suppose b*y - 92 = y. What is the remainder when y is divided by 12?
11
Let p(l) = -l**2 + 6*l + 2*l**2 + 10 - 2*l**2. Let q be p(7). Suppose 0 = q*n - 47 + 8. Calculate the remainder when 25 is divided by n.
12
Suppose 3*n - h - 28 = 0, -4*n + 2*h + 24 = -2*h. Let p = 9 - -4. Let u = 19 + p. Calculate the remainder when u is divided by n.
10
Suppose -106 = 17*u - 18*u. Calculate the remainder when u is divided by 27.
25
What is the remainder when 97 is divided by 4/22 - (-2976)/88?
29
Suppose -3 = -2*n + 19. Let l = 17 - n. Suppose u + 10 = 2*u. What is the remainder when u is divided by l?
4
Calculate the remainder when 142 is divided by (-18)/(1*(-1 - 0)).
16
Let b(z) = z + 1. Let y be ((-3)/2)/(2/8). Let j = y + 8. Calculate the remainder when b(3) is divided by j.
0
Let t = 6 + 8. Let b be (-52)/(-5) - (-16)/(-40). Suppose f - b = -2. Calculate the remainder when t is divided by f.
6
Let k = -93 - -150. What is the remainder when k is divided by 16?
9
Let c = -15 + 110. What is the remainder when c is divided by 24?
23
What is the remainder when 78 is divided by (-602)/(-28)*1*2?
35
Suppose 0 = -4*q - l + 71, -5*q - 5*l + l + 97 = 0. Suppose -4*s = -20, -4*s - 1 = -4*r + 175. What is the remainder when r is divided by q?
15
Suppose -5*y + 5*z + 45 = 0, 7*y - 2*z = 3*y + 46. Suppose 2*i - 19 = 37. Let a = i - y. Calculate the remainder when 27 is divided by a.
13
Let y(r) = 5*r**2 + 8*r + 7. What is the remainder when y(-3) is divided by 8?
4
Let d be 0/(2/2) + -4. Let c(q) = q**3 + 5*q**2 + 3*q + 1. Let k(v) = -v**2 - 7*v - 7. What is the remainder when c(d) is divided by k(-5)?
2
Let h be (8/(-5))/(1/(-25)). Suppose 5*p + 80 = 2*c + p, p = -c + h. Suppose 16 - 2 = z. Calculate the remainder when c is divided by z.
12
Let b be (34*(-2)/4)/(-1). What is the remainder when (-3 - 0) + b/1 is divided by 8?
6
Let i(x) = x**3 + 4*x**2 - 2*x - 6. Let s be i(-4). Suppose -5*u + s*n = -2*u - 105, -4*n = 0. Calculate the remainder when u is divided by 12.
11
Let p = -4 + 17. Suppose a - 57 = -2*t + 4*a, -2*a = 6. Calculate the remainder when t is divided by p.
11
Let i = -9 - -12. Suppose 13 = -2*f - 2*b + 59, -i*b = -9. Let d = -141 - -199. What is the remainder when d is divided by f?
18
What is the remainder when 75 is divided by 7/56 - (-167)/8?
12
Let p = 25 - -19. Suppose -2*q = 3*s - s - p, -20 = 4*s. What is the remainder when q is divided by 15?
12
Let i = 7 - 3. Suppose -p + 75 = 3*p + 5*k, 0 = i*k + 4. Calculate the remainder when p is divided by 7.
6
Suppose 17 = -0*b + b. Suppose x = -2*a + 7, -4*x + 2*a + b = -a. Suppose 166 + 84 = x*g. Calculate the remainder when g is divided by 17.
16
Let c(o) = 9 - 4 - 4*o + 3*o. Suppose -4*d + 100 = d. Calculate the remainder when d is divided by c(-6).
9
Let o(l) = -5*l**3 + l**2 + l + 1. Let y be o(-1). Let r = y + 8. What is the remainder when 53 is divided by r?
11
Suppose 0 = -2*z + 4*p + 74, -3*z + 44 = -4*p - 61. Calculate the remainder when z is divided by 11.
9
Suppose 5*q = -2*h - 6, -h + q + 6 - 2 = 0. Suppose 0*x + h = x. Suppose 